*2/2 - 8*p - 434. Determine z(3).
-2
Suppose 4*h = 2*w + 2*h - 6, 2*h = 4*w - 2. Let p = 6 + w. Let s(i) be the third derivative of i**6/120 - i**5/15 - i**4/24 - i**3/2 - 83*i**2. Give s(p).
-7
Let h(f) = f**3 - 5*f**2 - 7*f - 8. Suppose 71 = 5*o - 119. Suppose 0 = -5*r + o - 8. Determine h(r).
-14
Let y(m) = -12*m**2 + 24*m + 7 - 18*m**2 - 12*m**2 + 41*m**2. What is y(24)?
7
Let w(v) = -2*v**2 + 8*v + 7. Suppose -6 = 6*k - 5*k. Let p be (k/15)/(2/(-25)). Let t(s) = 3*s**2 - 15*s - 13. Let x(z) = p*w(z) + 3*t(z). Give x(-3).
2
Let u be (-262)/10 - ((-9)/(-5) + -2). Let i = u - -23. Let v(b) = 4*b + 1. Give v(i).
-11
Let b(j) be the third derivative of -j**5/60 + j**4/24 + 7*j**3/6 - j**2. Let h be 3/(-2) - 13/(-2). Suppose 0*l = -l + h. Determine b(l).
-13
Let y be (4/2 - 5) + 7. Suppose -2*p - 5*i = -26, 0*p + 3*i = y*p - 26. Let r(z) = -z**3 + 7*z**2 + 8*z - 5. Calculate r(p).
-5
Let p be (16 + -20)/(2/(-5)). Let m(z) = -z**3 + 11*z**2 - 10*z - 8. Determine m(p).
-8
Let p(g) be the first derivative of -g**3 - g**2 + 2*g - 38. Let f = -5 - -3. Determine p(f).
-6
Let o(t) = -2*t - 30. Let f be o(-16). Let g(z) = -4*z - 1 + z**f + 4 + 2*z + 8*z. Give g(-6).
3
Let p(r) be the third derivative of -r**6/120 + r**5/15 - 5*r**4/24 + 2*r**3/3 + 330*r**2 + r. Calculate p(3).
-2
Let a(j) be the third derivative of -j**4/24 - 5*j**3/2 - 80*j**2 + 2*j. Give a(-15).
0
Let q(a) = 2*a**2 - 18*a + 33. Let l be q(5). Let g(j) be the first derivative of 7/2*j**2 + 1/3*j**3 + 2*j - 1. Give g(l).
2
Let f(r) = -r**2 - 14*r - 15. Let g(u) = -3*u - 10. Let v be g(-9). Let p = v + -16. Let w(y) = -y - 1. Let q(h) = p*f(h) - 5*w(h). Give q(-7).
4
Let j(b) = b**2 + 7*b + 2. Let a(t) = t**2 + 8*t + 2. Suppose -2*g = 4*g - 18. Let z(y) = g*j(y) - 2*a(y). Calculate z(-4).
-2
Let y = -2 - -3. Let l(u) = -y - 2*u**3 - 2*u**3 - 2*u**3. Let g = -154 - -153. Give l(g).
5
Suppose -3*t - 1941 + 1950 = 0. Let j(k) = -4*k + 2. Determine j(t).
-10
Let v(q) be the first derivative of q**5/120 + 3*q**3 + 5. Let o(m) be the third derivative of v(m). Determine o(-4).
-4
Suppose -195 + 203 = -4*j. Let a(w) = -6*w**2 + 2*w + 2. Determine a(j).
-26
Suppose 3*a = 4*w + 8, 23*a - 19*a = -3*w - 6. Let x(b) = 2*b**2 + 3*b + 2. Determine x(w).
4
Let u(x) = x**2 + 37*x - 248. Let y be u(-43). Let p(r) = -r**3 + 10*r**2 + r - 11. Give p(y).
-1
Let g(a) be the first derivative of -a**4/24 - a**3 - 9*a**2/2 - 9. Let h(t) be the second derivative of g(t). Determine h(-7).
1
Let g(l) = 8*l**3 + 13*l**2 + 47*l + 2. Let h(i) = 3*i**3 + 4*i**2 + 16*i + 1. Let a(j) = -4*g(j) + 11*h(j). What is a(9)?
-24
Let p(r) = 8*r + 12. Let b(v) = 6*v + 11. Let y(j) = -5*b(j) + 4*p(j). Determine y(6).
5
Suppose 0 = -4*s - 4*r - 92, 0*s - 4*r - 26 = s. Let q = -16 - s. Let t(z) = 4*z + 12. Let h(n) = 2*n + 6. Let b(m) = -7*h(m) + 3*t(m). Determine b(q).
-18
Suppose -15*i + 40 = -35*i. Let t(p) = -4*p**2 + 3. Determine t(i).
-13
Let h = 25 + -22. Let u(z) = -3*z + h*z - z. Give u(4).
-4
Let k(q) be the second derivative of 1/6*q**3 + q**2 + q + 20. What is k(-3)?
-1
Let q(g) = -4*g - 6. Let j = -215 + 213. What is q(j)?
2
Let r(d) = -9*d**2 + 8*d - 8. Let l(z) = 10*z**2 - 9*z + 10. Let c(o) = 6*l(o) + 7*r(o). Determine c(3).
-17
Let r(d) be the second derivative of -2*d**3/3 - 10*d**2 + 142*d. Calculate r(-5).
0
Let s(t) = 12*t**2 + 20*t + 2. Let q(z) = -z**2 - 2*z. Let g(b) = -10*q(b) - s(b). Determine g(-2).
-10
Let x(f) be the second derivative of f**6/90 - 7*f**3/6 + 20*f. Let h(d) be the second derivative of x(d). Give h(1).
4
Let o(v) be the first derivative of 3*v**2/2 + 5*v - 13. Let t(s) = 5*s + 10. Let x(p) = 7*o(p) - 4*t(p). Give x(0).
-5
Let s(n) be the third derivative of 1/720*n**6 - 1/6*n**4 + n**2 + 1/20*n**5 + 0*n**3 + 0 + 0*n. Let u(z) be the second derivative of s(z). Give u(0).
6
Suppose x + 1 = 2*d, -5*x + 0*d - 29 = -2*d. Let b be 2/10 - x/(-35). Let p be (2 + b)*20/8. Let m(z) = -z - 1. What is m(p)?
-6
Let f be 9/12 + (-5)/(-4). Let o(d) = -2 - 22*d**2 + 40*d**2 - 17*d**f - 7*d. What is o(7)?
-2
Let n(r) = -r**2 - 7*r + 26. Suppose 11 = -4*f - u - 31, 2*u + 54 = -5*f. Give n(f).
-4
Suppose 8*z - 5*z - 2*t - 12 = 0, -15 = 5*t. Let c(o) be the first derivative of -1/2*o**2 + 6 - z*o. Calculate c(6).
-8
Let h(o) = -16*o**2 - 1707*o**3 + 15*o + 0 - 6 + 1708*o**3. What is h(15)?
-6
Let f(p) = -6*p**3 - 2*p**2 - 4*p - 2. Let v be 4/(-3) - (-10)/(-15). Calculate f(v).
46
Let h(i) be the first derivative of i**4/4 + 4*i**3/3 - 7*i**2/2 + 3*i - 206. Determine h(-6).
-27
Let w(p) = -10*p**3 - 1. Suppose j + 83 = 3*c, -4*c - 5*j + 61 = -37. Let f = c + -28. Determine w(f).
9
Let d(l) = -4*l - 1. Let r(h) = -2*h**3 - 9*h**2 + 4*h - 1. Let b be r(-5). Let g be b + -2 + (1 - 2). Give d(g).
-5
Let b(v) be the second derivative of -v**5/120 - v**4/3 + 7*v**3/3 - 20*v. Let n(l) be the second derivative of b(l). What is n(-4)?
-4
Let p(m) = -m + 2*m + 0 - 15*m**2 + 1. Let o(v) = -v**2 - 18*v - 66. Let g be o(-13). Calculate p(g).
-15
Let p(y) = -3*y - 1. Let b(z) = 15*z + 5. Let j(t) = b(t) + 6*p(t). Calculate j(6).
-19
Let v(x) = -x + 18. Suppose -n - j - 33 = -3*n, -3*n = 5*j - 30. Determine v(n).
3
Let z(o) = o**2 - 1. Let s(x) = -4*x**2 + 2. Let t(r) = -3*s(r) - 8*z(r). Suppose 2*m + 9 = 5*u, 3*m + 88 - 85 = -3*u. Give t(m).
18
Suppose -12*i = -14*i + 10. Suppose -4*x = 4*l - 8, -3*x + 6 = -i*l + 32. Let p be (-12 + 14)*x/(-4). Let t(h) = -h + 1. Determine t(p).
0
Let r = 1552 - 1549. Let s(u) = -u + 6. What is s(r)?
3
Let i(x) be the third derivative of x**4/6 - 22*x**3/3 - 141*x**2 + 2. Determine i(10).
-4
Let n(v) = -2*v**2 + 2. Let f = 249 - 252. Give n(f).
-16
Let w(y) be the second derivative of y**4/12 - y**3/2 - 2*y**2 + 299*y. Determine w(4).
0
Suppose 0 = -10*c - 25 - 55. Let a(y) = -2*y - 17. Give a(c).
-1
Let q(z) = z**2 + z + 48. Let i(p) = 2*p**2 + 5*p - 42. Let g be i(-6). Determine q(g).
48
Let t(d) = -d - 6. Let a(s) = 2*s + 4. Let r(c) = -c**3 + 3*c**2 + 4*c - 3. Let w be r(4). Let l(z) = w*t(z) - 2*a(z). Give l(11).
-1
Suppose -1 + 17 = -4*u. Let m(t) = 1 - 61*t - 49*t - 60*t + 231*t - 64*t. Calculate m(u).
13
Suppose -z + 4 = -0*z. Suppose -2*q + z*q - 2 = 4*x, -3*q + 11 = 2*x. Let l(f) = 6*f + 3. Let t(y) = -7*y - 4. Let s(c) = -4*l(c) - 3*t(c). Determine s(q).
-9
Let y(v) = v**3 + 21*v**2 + 18*v - 38. Let p be y(-20). Let d(w) = 42*w - w**p + 43*w - 3 - 81*w. What is d(3)?
0
Let c(l) = -l - 17. Let k(d) = 25*d + 58. Let a be k(-3). Determine c(a).
0
Let b(w) be the third derivative of 7*w**6/360 - w**5/40 + w**4/8 - 2*w**3/3 + 7*w**2. Let m(h) be the first derivative of b(h). Calculate m(2).
25
Let c be 2/(-3)*(9 + -12). Let i be (-14)/(-4) + c/(-4). Let w(a) = 2*a + 0 + 4*a + 2 - 2*a**2 + i*a**2. Give w(-3).
-7
Let k(t) = 0*t**2 - 13*t**2 + 7*t + 2*t + 5. Let f(o) = -3*o**2 + 2*o + 1. Suppose -5*m = -15*m - 20. Let b(j) = m*k(j) + 9*f(j). Give b(0).
-1
Suppose -3*y = -4*w - 0*y + 23, 4*w = y + 13. Suppose 5*v + 3*f - 7 = w*f, 3 = 3*v + f. Let h(p) = 3*p - 3. Give h(v).
3
Suppose 5*l - 88 = -5*z - 23, 4*z = 3*l - 46. Let k(m) = m**3 - 15*m**2 + 15*m - 15. Give k(l).
-1
Let w(l) = -l**3 - 13*l**2 + 4*l + 44. Let j be w(-13). Let c(v) = v**3 + 7*v**2 - 8*v - 7. Give c(j).
-7
Let u(t) be the second derivative of -t**3/6 - t**2 - 2*t - 2. Calculate u(1).
-3
Let b = 48 + -57. Let c = 13 + b. Let r(p) = p**3 - 4*p**2 + p + 2. Give r(c).
6
Suppose 18 = -2*p - 4. Let j(b) = 5*b**3 - 6*b**2 + 3*b - 2. Let k(o) = -14*o**3 + 18*o**2 - 8*o + 5. Let m = -9 + 5. Let v(u) = m*k(u) + p*j(u). Give v(6).
-4
Let i(b) = -b**2 + 8*b + 18. Let r be i(-2). Let p(d) = 4*d - 1. Give p(r).
-9
Suppose 4*a - k = 333, a + 2*k - 18 = 63. Let l = -88 + a. Let n(u) = 2*u**2 + 7*u - 5. Let y(g) = -1. Let s(d) = -n(d) + 5*y(d). What is s(l)?
-15
Let m = 29 + -27. Suppose -d + 7*l = m*l + 27, l = 5. Let s(y) = y**3 + y**2 + y + 1. Give s(d).
-5
Let d(c) = -7*c - 122*c**3 + 62*c**3 - 6*c**2 + 59*c**3 - 5. Let y(n) = 8*n + 19. Let i be y(-3). Give d(i).
5
Let l(u) be the third derivative of u**5/60 - 3*u**4/8 + u**3/2 + 163*u**2. What is l(7)?
-11
Let p(i) = 4*i**3. Let u be p(1). Suppose -3*y + 3*b = 0, 0 = 5*b - 3*b - 4. Let k(t) = t**3 + t - u*t + 1 + 2*t**2 - 2 + y. Give k(-3).
1
Let d(u) = -19 - 23 + 9*u**2 - 2